.
13
Let t = -104 - -107. Suppose 3*n + 46 = -5*y, -13 - 13 = 4*y - t*n. Let h(b) = b**3 + 8*b**2 - 3. What is h(y)?
-3
Let g(j) be the third derivative of j**6/120 - 13*j**4/24 - 3*j**3 + 281*j**2 + j - 7. What is g(5)?
42
Let s(w) be the first derivative of -w**4/24 + 5*w**3/6 + 67*w**2/2 - 164. Let a(y) be the second derivative of s(y). What is a(7)?
-2
Suppose -296*u = -2*n - 301*u - 9, 5*u + 24 = 3*n. Let f(b) = -36*b + 10. What is f(n)?
-98
Suppose -932 + 304 = 161*p - 4*p. Let c(u) = 18*u + 11. What is c(p)?
-61
Let t(l) = -2*l**2 + l + 4. Let m = -49 + 55. Let h = -19 + m. Let c(y) = -y - 16. Let q be c(h). Give t(q).
-17
Let k(w) = -w**3 - w**2 - 3*w**2 + 0 + 2 + 5*w. Suppose 38*x + 124 - 68 = -134. Give k(x).
2
Let h(u) = 5*u. Let z(v) = 5*v. Let l(q) = -4*h(q) + 5*z(q). Suppose -3*t + 10*t = 224. Suppose -10*w - t = -2*w. Give l(w).
-20
Let s(u) be the third derivative of u**6/40 + u**4/6 + u**3/3 + 478*u**2 + 1. Determine s(-2).
-30
Let h(r) = -r**3 - 2*r**2 - 22*r - 43. Let y(t) = -t**2 + t + 1. Let i(l) = h(l) + 5*y(l). Let v be i(-5). Let c(g) = g**2 + 2*g. What is c(v)?
3
Let t = -17 - -116. Let a = t + -107. Let l(d) = d**2 + 8*d + 5. Let r be l(a). Let v(g) = -g**2 + 6*g + 1. Give v(r).
6
Let o(b) be the second derivative of b**4/12 - 4*b**3/3 - 13*b**2/2 + 841*b. Calculate o(9).
-4
Suppose 5*y - 3*z = -78, 5*y + 5*z - 5 = -35. Let r(s) = -2*s**2 - 3*s**2 - 11*s + 11 + 3*s**2 + s**2. What is r(y)?
-1
Let l(r) = r - 6. Let x = -335 - -344. Determine l(x).
3
Let l(u) = u**3 + 28273*u**2 - 56556*u**2 + 28280*u**2 - 1 - 5*u. What is l(4)?
-5
Suppose -i + 41 = 5*f, -2*f - 52 = -5*i + 18. Let k(t) = t**2 - 15*t - 17. Calculate k(i).
-1
Let u(l) = -3*l - 5406*l**2 + 8*l + 5404*l**2. Determine u(6).
-42
Let v(m) = 18*m**3 + 22*m**3 + 163*m - 36 - 123*m**3 + 82*m**3 - 37*m**2. Calculate v(-41).
5
Let j be (-2)/5 - 212/(-5). Suppose 16*y = -j - 22. Let d(t) = 2*t**2 - 3*t**2 - 10*t - 11*t + 2 + 16*t. Determine d(y).
6
Let b(c) = -c**3 - 6*c**2 + 6*c + 6. Suppose -l - 18 = 5*o, 24 = -6*o + 2*o - 4*l. Let x = 5 + o. Let d be (4/x - -5)/(-1). Give b(d).
13
Let q(z) = 19*z - 138 - 138 - 345. Calculate q(33).
6
Let n(s) = -2*s**3 - 14*s**2 - 21*s - 5. Let l = 151 - 157. Let d(z) = z**3 + 7*z**2 + 11*z + 2. Let w(u) = l*n(u) - 11*d(u). What is w(-6)?
14
Let c = -158 + 161. Let a(f) = 11*f - 19. What is a(c)?
14
Let s(w) be the first derivative of -w**4/2 - w**3 + 7*w**2/2 + 5*w - 8695. What is s(-2)?
-5
Suppose -6*w + 286 = 5*w. Suppose 17*d - 9 = w*d. Let v(s) = 3*s - 1. Determine v(d).
-4
Let d be 66/(-32) - (-51)/816. Let n(y) = -y**3 - 2*y**2 + 19*y + 36. Give n(d).
-2
Let u(c) = c**2 + 31*c + 44. Let v be u(-30). Suppose -54 = -10*b - v. Let p(n) = 0 - n + b*n - n + 1. What is p(1)?
3
Let t(g) = -g + 10*g - 8 - 125 + 34 - 141. Determine t(26).
-6
Let l(b) = -b**3 + 8*b**2 - 12*b + 5. Let q(y) = 6*y**2 + y**2 - 771*y + 790*y. Let i be q(-3). Calculate l(i).
5
Let i(l) = l**3 - l**2 - l + 9. Let g be (-2 - -2)/(1 + 3 + -5). Suppose -4*z - 12 = 0, 0 = -4*v + 5*z - g*z + 15. Let h be 1*((-1 - v) + 0)*0. Calculate i(h).
9
Let g = -11 + 15. Let c(r) be the third derivative of -1/2*r**3 + 1/24*r**4 - 6*r**2 + 0*r + 0. Determine c(g).
1
Let v(q) = q + 1. Let m(s) = -s - 1. Let y(n) = -2*m(n) - 4*v(n). Let u(c) = 3*c**2 + 2*c - 1. Let x be u(2). Suppose x = -17*d + 12*d. What is y(d)?
4
Let o(i) = -5*i + 13. Let f(d) = -45*d + 50. Let u(g) = 2*f(g) - 14*o(g). What is u(-4)?
-2
Let m(a) = 11*a**2 + 16*a + 42. Let c(y) = 15*y**2 + 18*y + 42. Let u(p) = -3*c(p) + 4*m(p). Determine u(13).
3
Let l(a) = -2*a**2 + 11*a - 3. Let c be ((-65)/(-10) + 2/(-1))*60/45. Calculate l(c).
-9
Let w(g) = -g**2 - 68. Suppose -x = 4*v + 2, 4*v + 4*x + 5 = -3. Calculate w(v).
-68
Let f be (1/(-5))/(5/(400/(-8))). Let x(k) = -2223*k**f - 1 + 6 + 2222*k**2 - 2*k. Determine x(-5).
-10
Let t(j) = j + 7. Let b be ((-1320)/352)/((-1)/(-24)). Let n be b/(-675) - (-182)/(-15). Determine t(n).
-5
Let t(d) = 55*d - 74*d + 140 - 87. Give t(3).
-4
Let s(u) = -9 - u**2 - 349*u - 342*u - 345*u + 1392*u - 349*u. What is s(6)?
-3
Let l(d) = -d**2 - 6*d - 4. Suppose 3*w - 8 = w. Let g = -22 + 33. Suppose g*c - w*c + 42 = 0. Calculate l(c).
-4
Suppose -s - 3*s + 5*h = -23, -h = -5*s + 13. Let p(q) be the first derivative of -19*q**2 + 7 - 8*q**2 + s*q + 25*q**2 - q. Calculate p(-4).
17
Let v(f) = -2*f - 20. Let x(l) = l**3 + 19*l**2 + l + 13. Let c be x(-19). Let g be c + (-12)/(-2) + (0 - 9). What is v(g)?
-2
Let m(d) = -103*d + 37*d - 50 + 49*d + 49 - 8*d**2 - d**3. Determine m(-3).
5
Let u(m) be the first derivative of -m**7/420 - m**6/120 + m**4/12 + 25*m**3/3 - 26. Let r(p) be the third derivative of u(p). Calculate r(2).
-26
Let q(x) = 2*x**2 + 3*x + 3. Let p be 3/(-2)*34/(-51). Let o be 5/p*(-15)/25. Give q(o).
12
Let j(w) = -w**2 + 11*w - 63. Let q be j(23). Let d = q + 353. Let y(z) = z - 18. Calculate y(d).
-4
Let p(n) be the third derivative of n**4/8 - n**2. Suppose -4*m - 175 = y, m = -4*y - 10 - 660. Let q = y + 169. What is p(q)?
6
Let o(l) = l**2 + 5*l + 2. Suppose -706 + 121 = 9*r. Let f = r + 67. Suppose -5*a + f*a - 11 = -2*p, 17 = -4*a + 5*p. Determine o(a).
-4
Suppose b = -2*p + 4, -8*b + 10*b = 2*p - 10. Let q(z) = -2*z**2 - 3*z - 2. Calculate q(b).
-4
Let z(t) = -t**3 + 50*t**2 - 47*t - 96. Let l(u) = u**2 + 18*u - 66. Let r be l(5). Give z(r).
2
Suppose -3*f + 92 = -49*f. Let i(d) = -9*d - 10. Give i(f).
8
Suppose 0 = -4*v + 3*c - 26, c = v - 3*c. Let w(p) = -10*p - 15 + 457*p**2 - 458*p**2 + 9. What is w(v)?
10
Let x(m) be the second derivative of -81*m + 0 - 1/12*m**4 + 1/2*m**2 + 5/6*m**3. Let f be -14*((-2)/(-4) + -1). Determine x(f).
-13
Suppose 7*a - 35 - 21 = 0. Suppose 3*f = -f + a. Let w(x) = -5*x + x**f - 3*x - 8*x**3 + 1 + 14*x - 7*x. Calculate w(1).
-7
Let r(i) = -i + 10. Suppose 0 = -9*l + 66 - 12. Suppose 0 = 2*n - 2*p - l, 3*p - 16 = -3*n + 17. What is r(n)?
3
Let y(k) = k**2 + k + 1. Let w(r) = -3*r**2 + 2*r + 2. Let g be (-6 + 9)/(-3)*-1. Let f(n) = g*w(n) + y(n). Determine f(3).
-6
Let l(z) = z - 5. Let y = 6632 + -6641. Calculate l(y).
-14
Let k(p) = -2*p**2 + 17*p + 6. Let f be k(8). Suppose -f*i = -7*i + 812. Let a = 115 + i. Let o(q) = -12*q**3 - q**2. What is o(a)?
11
Suppose 115*w = -18*w + 266. Let v(b) = -b**3 + b**2 - 2*b + 2. Give v(w).
-6
Let t(j) = j**3 - 9*j**2 - j - 2. Suppose -5*i - 20 = -295. Suppose 0 = 17*l - i - 98. Determine t(l).
-11
Let l(y) = -7*y**2 - 13*y + 8. Let k(j) = 2*j**2 + j - 4. Let m(a) = -3*k(a) - l(a). Determine m(-9).
-5
Let m(t) = -5*t**2 - t - 4. Suppose 6 + 26 = -10*y + 12. What is m(y)?
-22
Let a(x) = 10*x + 1. Suppose c + 11*c = -11*c. Suppose -6 = 6*n - c. Calculate a(n).
-9
Suppose -2*y + 14 = -12. Suppose y = 2*s - 7*s - m, -3*s = -m + 11. Let o(t) = -t**2 + 2*t + 1 + 0*t**2 - 6*t. What is o(s)?
4
Let i(o) = -35*o + 49. Let v(g) = 12*g - 13. Let q(a) = 2*i(a) + 7*v(a). Determine q(-5).
-63
Let m(v) = 2*v**2 + 6*v - 4. Let h be m(-4). Let p(s) = 4*s + 8*s - 8 + h + 3. Determine p(-2).
-25
Let m = -471 - -477. Let s(c) = c + 5. Let g(p) = -4*p - 27. Let x(r) = -g(r) - 6*s(r). Give x(m).
-15
Suppose -6*x + 0 = -18. Let t(o) = -x*o + o - 4*o + 2 + 9*o. What is t(2)?
8
Let b be 0/((-66)/(-162)*-9 - (-2)/3). Let d(g) = -g**3 + g**2 - 17. Calculate d(b).
-17
Suppose -4*p = -3*s + 11, 0 = -4*s - 58*p + 57*p - 17. Let u(r) = -1 + 5 - 2*r - 7. Determine u(s).
3
Let j = 23 - 18. Suppose -5*a + 35 = -d - 4*d, 3*a = -j*d - 19. Let h(t) = -6 + 5 - a*t**2 + 6*t**2 + t. What is h(1)?
4
Let h(i) = 4*i**3 + 26*i**2 + 8*i - 1. Let q be h(-6). Suppose -8*j + n - q = -6*j, -4*n + 38 = -2*j. Let v(u) = u + 11. Determine v(j).
2
Let m(r) be the second derivative of -2*r**3/3 + 2*r**2 - 1156*r. Suppose 5*x = 25, 5*x - 37 = 2*p + 2. What is m(p)?
32
Let h(u) be the third derivative of -42*u**2 + 0 + 1/60*u**5 + 0*u - 1/6*u**3 + 1/6*u**4. Give h(-2).
-5
Let b(d) = d**2 + 13*d + 37. Let w = -816 - -811. Calculate b(w).
-3
Let l(h) = -h**3 - 8*h**2 + h + 7. Let w(x) = -68*x - 27. Let o be w(2). Let n = 155 + o. Calculate l(n).
-1
Suppose -1 = -4*u + 23. Suppose u*b - 2*b - 8 = 0. Let s(z) = z**3 - z**2 + b*z**3 - z - 11 - 6*z**3 + 2*z**3. Determine s(0).
-11
Let d = 8 + -5. Let l(f) be the first derivative of -f**5/60 - f*